 divided by (m - 6) + (-63)/(-6)*2?
12
Suppose 286 - 384 = 26*f - 1112. Calculate the remainder when 5691 is divided by f.
36
Let t(n) = -3*n - 45. Let p be t(-18). Let c be 6/(6/(p/3)). Suppose 0 = c*r + 4*w - 49, 2*r + w + 2*w - 31 = 0. What is the remainder when r is divided by 12?
11
Suppose 3*f - 4802 + 1046 = -3*b, 5*b = -f + 1232. Calculate the remainder when f is divided by 36.
33
Let c be (-1)/(-2) - (-11)/2 - 2. Suppose -304 = 4*u - 3*p + 4*p, -300 = c*u + 2*p. Calculate the remainder when 17 is divided by 31/5 + (u/35 - -2).
5
Let m(i) = -i**2 - 9*i + 3. Let b(v) = v + 1. Let a(q) = 5*b(q) + m(q). Let l = 29 - 14. What is the remainder when l is divided by a(-4)?
7
Suppose 7 = -0*k + k. Let n(b) = 36*b + 1304. Calculate the remainder when n(-33) is divided by k.
4
Suppose 2*r - 58 = -4*z, 3*z + 0*r - 38 = 4*r. Let c = 4585 + -4292. What is the remainder when c is divided by z?
13
Suppose 0 = -5*n - 3*x + 72, 20 = 2*n + 2*x - 8. What is the remainder when (56 - 7) + (-3)/(-1) is divided by n?
7
Let u(q) = -2*q**2 - 72*q + 72. Suppose 0 = -20*s - 326 - 394. Let r = 29 + -10. Calculate the remainder when u(s) is divided by r.
15
Let j be 2 + ((-2)/(-2)*-3)/(-1). Suppose -5*g + 5*u = 3*u - 70, -j*u = 0. Calculate the remainder when g is divided by 5.
4
Let v(i) = 32*i - 10. Let w be v(-3). Let o be -2*(-4)/16*-6 - w. Let s = 34 + o. What is the remainder when s is divided by 28?
25
Suppose 454 = 7*s - 1. Suppose 11*v - s = -2*v. What is the remainder when 23 is divided by v?
3
Suppose -6*z - 104 = -2925 - 101. Calculate the remainder when z is divided by 101.
83
Suppose 0 = -11*o + 215 + 621. Let h = 159 + -119. What is the remainder when o is divided by h?
36
Suppose 4*m + h = 237, 288 = 5*m - h + 5*h. Calculate the remainder when m is divided by (-96)/(-14) - (285/(-231) + 108/99).
4
Let j(t) = 4*t**3 + 3*t**2 - 4*t + 3. What is the remainder when (-1)/((-12)/(-448))*-3 is divided by j(2)?
34
Let h be 4/18 - 9460/(-198). Suppose -52*k = -h*k - 44. What is the remainder when 38 is divided by k?
5
Let n = 507 + -372. Calculate the remainder when n is divided by 41.
12
Let f = -85 - -71. Let d be 228/f - (4 - 180/42). Let t = 36 - d. What is the remainder when 102 is divided by t?
50
Let l = -6881 - -7998. What is the remainder when l is divided by 86?
85
Suppose p - 32 = -3*f, -5*p + 20 + 160 = 5*f. Suppose 60*b - 8*b - 2407 = 2897. What is the remainder when b is divided by p?
26
Calculate the remainder when 304 is divided by (74/(-12) - -7)/((-10)/(-6))*354.
127
Let f(l) = -3*l + 16. Let x(y) = 2*y - 2. Let r be x(-3). Let k = 87 - 73. What is the remainder when f(r) is divided by k?
12
Let a(m) be the first derivative of m**3/3 + m**2/2 - m + 1. Suppose -z - 3*y + 5 = 0, 74*y - 71*y = 0. Calculate the remainder when a(z) is divided by 15.
14
Suppose -4*u - 15 = -3*n + 13, 6*n + 2*u = 106. What is the remainder when 173 is divided by n?
13
Suppose 0 = -15*u + 5946 - 3527 + 10646. Calculate the remainder when u is divided by 68.
55
Let g be 6/2*(-2 + 5). What is the remainder when (21/g)/((-3)/(-27)) is divided by 16?
5
Let j = 86 - 31. Let k = j - -254. What is the remainder when k is divided by 63?
57
Suppose -2*z - 597 + 1365 = 0. Let n = z + -197. What is the remainder when n is divided by 19?
16
Suppose -40832 = -160*r - 20340 + 27668. Calculate the remainder when r is divided by 160.
141
Suppose t + 7 = 5*s, 0 - 1 = -5*s - 2*t. What is the remainder when s/((-2)/(-13))*(0 + 2) is divided by 3/(6*3/24)?
1
Let s = 660 - 652. Calculate the remainder when 260 is divided by (-1 - 575/5)*(-2)/s.
28
Let g(d) = 2*d**3 - 31*d**2 - 104*d + 39. What is the remainder when g(19) is divided by 252?
86
Calculate the remainder when 87 is divided by (19 - 16)*(15/9 - 0) - -3.
7
Suppose -5*x + 17 = 7. Suppose 82 = 2*b - x*d, -31 = 3*b + 2*d - 144. What is the remainder when 155 is divided by b?
38
Suppose 3*k + 55 = -k - 3*u, -u + 5 = -k. Let w be 1 + 2 + (-10)/k. What is the remainder when 37 is divided by (-1)/w - (-318)/24?
11
What is the remainder when 204 is divided by 14/161 - 12860/(-230)?
36
Let g(f) = 24*f**2 + f - 1. Let n be g(1). Let l = n + 30. Suppose -y - 3*b = -14, -7*b = 5*y - 12*b - 70. Calculate the remainder when l is divided by y.
12
Suppose 0 = -8*k + 312 - 1072. Let y = k + 109. Suppose 3*q = -n + 33, 0*q = -5*q + 15. What is the remainder when n is divided by y?
10
Let x = 16 - 9. Suppose -12892*q + 150 = -12862*q. Calculate the remainder when x is divided by q.
2
Let z(p) = p**3 - 15*p**2 - 53*p + 2. Let b be 20/1 - (-34)/(-17). What is the remainder when 34 is divided by z(b)?
14
Suppose -l + 2*l = 123. Suppose -408*t - 99*t + 27*t + 14880 = 0. What is the remainder when l is divided by t?
30
Suppose -3*s + z = -194, -19*s = -20*s - 3*z + 58. What is the remainder when 1596 is divided by s?
60
What is the remainder when 1614 is divided by (5 - 10 - -11) + 10?
14
Suppose 5*i - 5*l = -2*l + 748, -2*i + 294 = 4*l. What is the remainder when i is divided by ((-4602)/295)/(3/(-10))?
45
Calculate the remainder when 0 + 65 + 0 + 1 is divided by 6104/252 - ((-28)/441)/(2/(-7)).
18
Let v(x) = -4 + 4*x + 8 - 11*x. Calculate the remainder when v(-5) is divided by (6/1)/(-6) - (2 + -24).
18
Suppose -30*k + 27*k = -3*s - 2742, -5*k - 2*s = -4542. Let o = k + -884. Let f = -3 + 12. What is the remainder when o is divided by f?
8
Calculate the remainder when 521 is divided by 678/30 + -3 + (-23)/(460/(-48)).
15
Let j(v) = v**2 + 42*v - 385. What is the remainder when 253 is divided by j(10)?
118
Let s(f) = f + 7. Suppose 7*w + w - 256 = 0. Suppose -783 + 79 = -w*q. Calculate the remainder when q is divided by s(6).
9
Let o = -15546 - -17129. What is the remainder when o is divided by 123?
107
Let z = -10011 - -10048. Calculate the remainder when 3232 is divided by z.
13
Suppose -1299 = -30*v - 1532 + 4883. What is the remainder when 27589 is divided by v?
154
Calculate the remainder when (212 + 2 + -2)/(34/68) is divided by 35.
4
Suppose 20*r + 21*r = 0. Suppose r = 2*q + 3*u - 150, 4*q - u = 3*u + 300. What is the remainder when 824 is divided by q?
74
Suppose 0 = -5*h - 3*p + 132 + 73, -5*p - 25 = 0. Suppose -5252 = -38*b + 4666. Calculate the remainder when b is divided by h.
41
What is the remainder when 1*4/(-14) + 19195/77 is divided by 42?
39
Let x = -5744 + 6342. Calculate the remainder when x is divided by 48.
22
Let u(n) = -n**3 + 12*n**2 + 4*n + 28. Calculate the remainder when u(12) is divided by (-117)/(-12) - (8 - 29/4).
4
Let o(l) = l**2 - 2*l + 13. Let q be o(6). Let y = 42 - q. Suppose -3*g + 4*g - 6 = 0. Calculate the remainder when g is divided by y.
1
Suppose -5*w + 879 = 714. What is the remainder when 678 is divided by w?
18
Let z = 285 - 101. What is the remainder when z is divided by (1 - -6) + (-2)/11*(-105710)/620?
32
Suppose 4*b + 2*x - 74 = 0, 2*x = -3*b + 4*x + 66. Suppose -3*l = l - 444. Let v = -34 + l. Calculate the remainder when v is divided by b.
17
Let y(r) = 18 - 20 - 22 + 4*r - r**3 + 26*r**2 - r. Calculate the remainder when 213 is divided by y(26).
51
Let u(s) = -78*s + 625. Calculate the remainder when u(7) is divided by 35.
9
Suppose 0 = -52*x - 484*x + 24120. Let w = 229 + -127. Calculate the remainder when w is divided by x.
12
Let x = 0 - 4. Let m(c) = -6 + 3*c - 17 - 2*c**2 - c**3 + 15. What is the remainder when 21 is divided by m(x)?
9
Suppose -2087 - 1093 = -6*m. What is the remainder when m is divided by 168?
26
Let x be (-2)/(-14) - 33269/133. Let v = x - -277. Suppose -3*h + 32 = -o, -h + 2*o + 2*o = -18. Calculate the remainder when v is divided by h.
7
Let t = 23 - 18. Suppose 14 = 3*y + j, 2*y = 2*j + 25 - t. Calculate the remainder when 67 is divided by 86/6 + (-2)/y.
11
Suppose 0 = 4*x - 3*y - 274 - 117, -4*x + 361 = 3*y. Suppose 4*g = 9*g + 4*z - x, 0 = -3*g + 5*z + 49. Calculate the remainder when 29 is divided by g.
11
Let q(u) = -u**3 - 7*u**2 - u - 2. Let h be q(-7). Suppose t - 5*c = -14, h*t + 3*c - 46 = -c. Calculate the remainder when 6 - (3 - 10/2) is divided by t.
2
Suppose 65*r + 20*r - 34085 = 0. Calculate the remainder when r is divided by 139.
123
Calculate the remainder when 484/(-33)*(-19530)/120 is divided by 39.
8
Let y = -11010 - -11076. Calculate the rema